) to base 12
-5085837
What is 2480352 (base 9) in base 11?
843740
Convert -333222000 (base 5) to base 8.
-5445213
Convert -12142334211 (base 5) to base 9.
-30114762
Convert 41ab8 (base 15) to base 2.
110010110110101010
Convert -110674 (base 15) to base 5.
-201431314
What is -23b697 (base 12) in base 15?
-b6c24
781889 (base 13) to base 15
3add1b
Convert 551141 (base 6) to base 16.
b245
-472777 (base 10) to base 3
-220000112021
What is -123a6 (base 14) in base 4?
-22321132
Convert 200001122002122 (base 3) to base 13.
1cb0953
Convert -56b1 (base 15) to base 2.
-100011111010111
-bdb4d3 (base 14) to base 4
-120211320201
-22144332 (base 5) to base 9
-324651
Convert -10143403 (base 5) to base 16.
-14904
What is 221043 (base 12) in base 16?
840f3
-5050054 (base 7) to base 8
-2224341
-68955 (base 12) to base 6
-2554145
-6951b7 (base 16) to base 4
-122111012313
What is -20503204 (base 8) in base 14?
-816bd2
Convert 17363a5 (base 13) to base 5.
3411302432
Convert -3224 (base 11) to base 7.
-15265
What is 2340251 (base 6) in base 13?
43660
14998a (base 15) to base 3
1212112001211
10111111010000111 (base 2) to base 3
11222022221
What is 21010301021 (base 4) in base 16?
244c49
What is 12020000011101 (base 3) in base 10?
2775421
What is 4510555 (base 8) in base 11?
761292
544044241 (base 6) to base 3
200021100102121
Convert -148415 (base 13) to base 9.
-847075
What is 38119 (base 10) in base 4?
21103213
-d95a4 (base 16) to base 3
-1200020020012
What is 3645446 (base 7) in base 3?
212122022202
What is 789711 (base 11) in base 3?
2100212201112
Convert 4ab59 (base 14) to base 3.
100022111100
What is -13240055 (base 6) in base 2?
-1101011100101100011
110200002202121 (base 3) to base 7
111143326
What is -8990b (base 12) in base 16?
-2c9db
What is -468419 (base 10) in base 14?
-c29c7
1111110011100001011111 (base 2) to base 3
21210111101211
What is -1001201312 (base 4) in base 13?
-95228
Convert 1012200302 (base 4) to base 8.
1064062
Convert -4130420140 (base 5) to base 9.
-16810887
Convert -2411240 (base 5) to base 14.
-12358
15572 (base 11) to base 12
10878
Convert -1122000120112 (base 3) to base 6.
-30323235
Convert -4213558 (base 9) to base 11.
-12a9844
4d88a (base 14) to base 13
68c44
What is -154371 (base 9) in base 2?
-10111001101100101
Convert 151512305 (base 7) to base 15.
d43d0e
What is -5614717 (base 9) in base 3?
-12200111210121
Convert 1004414333 (base 5) to base 8.
7573437
What is 1063777 (base 9) in base 8?
2140277
133311331 (base 4) to base 10
130429
Convert -15d9ba (base 15) to base 10.
-1058575
1a6914 (base 11) to base 6
10441303
-2242200 (base 5) to base 4
-21311230
-360288 (base 11) to base 10
-571337
-275164 (base 8) to base 5
-11100014
156903b (base 12) to base 3
22020000201202
6518650 (base 11) to base 16
aee053
What is -234b271 (base 14) in base 2?
-1000000010011011100110011
What is 2320111212 (base 5) in base 11?
2a58688
1041022 (base 7) to base 16
1f27c
What is -1102020 (base 6) in base 11?
-38258
What is 15150116 (base 8) in base 6?
202104022
What is 9023d (base 15) in base 6?
13435421
Convert 162255064 (base 7) to base 2.
101001111010110011000001
Convert -54261 (base 8) to base 4.
-11202301
What is -911ce (base 15) in base 5?
-104200134
What is -1011100000001010100 (base 2) in base 16?
-5c054
147230 (base 12) to base 4
1110002010
-130032 (base 9) to base 12
-396b5
-110203220 (base 4) to base 12
-40888
Convert -5142e (base 15) to base 12.
-104b98
What is a3a45 (base 11) in base 9?
251033
115242 (base 9) to base 7
406331
What is -110001011212 (base 3) in base 12?
-b5228
150ff (base 16) to base 3
11101100020
Convert 1520594 (base 11) to base 3.
11220102212101
What is 387562 (base 9) in base 13?
83093
Convert d1eae (base 16) to base 7.
10210525
Convert -2311112442 (base 5) to base 2.
-10011101111101010111101
What is -16b17 (base 14) in base 13?
-1cc80
Convert 1000010001101001001 (base 2) to base 4.
1002031021
-4651562 (base 8) to base 12
-510b56
Convert -613a6 (base 16) to base 9.
-666255
What is 49023 (base 12) in base 14?
27c95
Convert 11010100111010000111111 (base 2) to base 11.
3a35671
Convert -10001111222 (base 3) to base 6.
-1142255
-2200022102200 (base 3) to base 8
-5333733
-34636434 (base 7) to base 10
-3051549
What is -11000110100000100 (base 2) in base 9?
-164368
What is -1011212100021 (base 3) in base 16?
-991f6
What is 1403560 (base 9) in base 12?
311923
Convert -3016620 (base 10) to base 2.
-1011100000011110101100
What is 6305160 (base 8) in base 6?
55513132
Convert 251804 (base 9) to base 11.
a4460
Convert -225431 (base 7) to base 3.
-2001100102
Convert -586051 (base 11) to base 4.
-3203021321
Convert -31312202 (base 4) to base 13.
-1ca96
32363 (base 7) to base 3
102002022
Convert -3440543 (base 6) to base 13.
-62421
-10220210000202 (base 3) to base 4
-13330103330
What is 5251636 (base 7) in base 11?
3a3804
What is 2decfc (base 16) in base 10?
3009788
What is -30004235 (base 6) in base 7?
-10101134
Convert a88982 (base 13) to base 11.
2265745
-197b56 (base 13) to base 3
-1012210200000
4332e (base 15) to base 5
23311334
-123ba61 (base 13) to base 5
-2423243024
What is 299d (base 16) in base 4?
2212131
What is -7426140 (base 11) in base 9?
-26548812
-4368752 (base 9) to base 12
-95326b
What is -150340510 (base 6) in base 9?
-5756326
What is 230101010 (base 4) in base 13?
646b5
-230501503 (base 6) to base 12
-1504893
What is -18c0a (base 15) in base 6?
-1415531
-c32 (base 15) to base 12
-170b
Convert 665ac0 (base 16) to base 11.
3871825
Convert 113031012101 (base 4) to base 8.
27150621
Convert 651531 (base 7) to base 11.
78273
Convert -2aa0b1 (base 12) to base 13.
-1c3aa1
-aa474 (base 11) to base 13
-57c58
What is -504432 (base 12) in base 8?
-4614546
-5054353 (base 6) to base 5
-30201030
16100411 (base 9) to base 10
8030998
What is -b53197 (base 15) in base 14?
-12042d8
What is 3202004401 (base 5) in base 15?
8bc06b
-31232655 (base 7) to base 10
-2630115
2170012 (base 8) to base 6
20315430
What is -675c1 (base 14) in base 3?
-110202002212
-3252145 (base 8) to base 6
-30420153
-a8922b (base 12) to base 13
-726440
Convert 4363215 (base 8) to base 10.
1173133
What is -47785 (base 10) in base 16?
-baa9
10000110111000101101110 (base 2) to base 10
4419950
-91847 (base 11) to base 4
-200233213
-33367b (base 15) to base 12
-998b5b
Convert 1303134454 (base 6) to base 9.
31652377
-1627532 (base 9) to base 2
-11011100110011001010
What is -10110011100101010001110 (base 2) in base 14?
-ad2738
300142203 (base 6) to base 9
10450423
What is -110002212110 (base 3) in base 6?
-5035103
Convert 362aa3 (base 13) to base 5.
312311322
Convert -3231056 (base 9) to base 12.
-6b69b0
-23011423 (base 5) to base 6
-4212220
Convert -e0e05 (base 15) to base 12.
-2a3b95
Convert -186355 (base 9) to base 13.
-40b7a
What is -65b564 (base 12) in base 16?
-18aa5c
What is -1034266 (base 9) in base 3?
-1001011022020
What is -1320442210 (base 5) in base 10?
-3296555
What is 811791 (base 12) in base 3?
10210100000101
What is -3861 (base 10) in base 8?
-7425
Convert 182476 (base 9) to base 12.
55750
Convert 5746031 (base 8) to base 16.
17cc19
What is 14713051 (base 8) in base 7?
40510331
150664 (base 10) to base 12
73234
What is -50014442 (base 6) in base 14?
-286d18
What is 21cc24 (base 13) in base 4?
3003031101
What is 13265e (base 16) in base 7?
13444624
What is 1102201221112 (base 3) in base 11?
480967
What is 44033400 (base 5) in base 8?
1341006
Convert -153873 (base 9) to base 15.
-1d120
-7b5b53 (base 12) to base 9
-3647300
What is -1136555 (base 8) in base 15?
-62092
What is -1101110000 (base 3) in base 15?
-814c
Convert 11972 (base 11) to base 4.
10023310
Convert -3530432 (base 6) to base 7.
-1361144
What is -1000001001100001 (base 2) in base 13?
-12266
Convert -4430562 (base 7) to base 9.
-1021026
-13623 (base 7) to base 12
-21b9
-18092 (base 15) to base 5
-4442022
13256533 (base 7) to base 10
1224436
-100011110000000010100 (base 2) to base 13
-3202a7
Convert -11100001110011101 (base 2) to base 15.
-243c8
-85820 (base 10) to base 14
-233c0
-1110110001001001 (base 2) to base 16
-ec49
6456347 (base 9) to base 6
202113111
Convert -55112305 (base 6) to base 7.
-16650566
-151013151 (base 7) to base 5
-10030104210
Convert -32203230 (base 4) to base 6.
-1140020
Co